*2 + 7*j + 2. List the prime factors of t(4).
2, 23
Suppose q + 2*t = 6*q - 914, 4*q - 724 = 4*t. What are the prime factors of q?
2, 23
Let v(y) = -y. Let l be v(-3). Let w(m) = -2 + l + 1 - 3 - m. What are the prime factors of w(-6)?
5
Let o be 1 - (4 + (-1 - 2)). Suppose y + 1 - 9 = o. List the prime factors of y.
2
Let t(o) = o**3 - 10*o**2 + 2*o - 1. Let k(v) = v**3 - 10*v**2 + v - 1. Let a(g) = 2*k(g) - 3*t(g). What are the prime factors of a(9)?
2, 23
Suppose -2*o = -3*o + 1. What are the prime factors of o/(3 - (-308)/(-104))?
2, 13
Suppose 0 = -0*f - 4*f + 2*u - 16, -f - 4*u = -14. Let g be f/(0 + (-6)/15). Suppose g*n = 3*d - 7*d + 64, -4*d = n. List the prime factors of n.
2
Suppose 10*o - 7*o = 159. What are the prime factors of o?
53
Suppose k = -4*q + 11 + 1, k + 6 = 5*q. Suppose 4*t - 10 = i - 28, -i - 2*t + 24 = 0. Suppose 59 = 5*d + m, 12 = q*d + 3*m - i. List the prime factors of d.
11
Let l(f) = -f**3 - 2*f + 50. What are the prime factors of l(0)?
2, 5
Let l(n) = 4*n**2 - 2*n. Let q(b) = b**2 - b. Let j(a) = l(a) - 3*q(a). What are the prime factors of j(-5)?
2, 5
Let s = -9 - -14. Suppose 4*h - g + 4*g - 32 = 0, -5*h + 75 = -s*g. List the prime factors of (2 - (1 + h))/(-1).
2, 5
Let n(p) = p**3 - 6*p**2 + 5*p + 7. Let f be n(5). Let h = f - 3. Suppose -2*c + h*v + 18 = -10, -11 = -c + v. List the prime factors of c.
2
Suppose 3 = -2*u - 5. What are the prime factors of -3 + (-2 - u) - -10?
3
Let z be (1*12/2)/(-2). Let o(v) = -6*v - 4. What are the prime factors of o(z)?
2, 7
Suppose -605 = -11*u + 6*u. Suppose u = 4*c - p, -2*c - 5*p = -5*c + 95. What are the prime factors of c?
2, 3, 5
Let d(o) be the first derivative of -4*o**3/3 + o**2/2 - o + 1. Let y be d(1). List the prime factors of ((-18)/y)/((-6)/(-8)).
2, 3
Let y = 243 - 157. List the prime factors of y.
2, 43
Suppose -78 = -8*o + 7*o. List the prime factors of o.
2, 3, 13
Let j be 3/3*3 + 19. Let g = 41 - j. List the prime factors of g.
19
Let s(p) = 3*p**2 - 6*p + 2. What are the prime factors of s(4)?
2, 13
Let k = 139 + -67. Suppose 2*u + 0*u = k. Suppose 4*d + 8 = u. What are the prime factors of d?
7
Suppose 2*l = 4*l - 32. List the prime factors of l.
2
Let x(l) = -2*l - 4. Let a be x(3). Let q = 10 + a. Suppose q = 5*n + 31 - 116. What are the prime factors of n?
17
Suppose -5*m = -6*m + 2. What are the prime factors of m?
2
List the prime factors of -2 - -198 - (10 - 12).
2, 3, 11
Suppose -1 = 5*l + 4*x, 4*l - x - 19 = -3. List the prime factors of l.
3
Let l be (15/(-6))/((-2)/4). Suppose 2*h + 6 = l*h. Let n = 9 - h. What are the prime factors of n?
7
Let s = 433 + -156. List the prime factors of s.
277
Let y be 0 - -3*1 - -1. Suppose -2*c - 3*c - y*w = -206, -2*c - 4*w = -80. List the prime factors of 1/(-2) - c/(-4).
2, 5
Suppose 3*p + 1 = -5. Let n(w) = 5*w**2 + 2*w - 2. List the prime factors of n(p).
2, 7
Let f(r) = r**2 + 7. Let d be f(0). Suppose -2*t + 13 = -d. Suppose 0 = -g - 3 + t. What are the prime factors of g?
7
Suppose 0 = 4*n + 16, -2*x + 5*x - 30 = 3*n. Suppose -y - 16 = l, l + 10 + x = -2*y. Let i = -8 - l. List the prime factors of i.
2
Let g(k) = k**2 - 3. Suppose -8*v - 30 = -3*v. List the prime factors of g(v).
3, 11
Suppose -4*o + 3*o = -51. Suppose -2*x - o = x. Let w = x - -25. List the prime factors of w.
2
Let v be 11/(-9) - (-6)/27. Let h be (2/(-4))/(v/2). List the prime factors of -1 - (-9 + (h - 3)).
2, 5
Let k = 11 - 3. Suppose 3*h + 75 = k*h. What are the prime factors of h?
3, 5
Suppose -3*y + 2*g = -508, y - 19 - 169 = -4*g. List the prime factors of y.
2, 43
Suppose -5*l + 131 = 11. What are the prime factors of l?
2, 3
Let a be (-28 + -1)*(-5 + 3). Suppose -5*j - a = -2*l - 15, -2*l = -4*j - 40. List the prime factors of (8 + -5)*l/3.
2, 7
Let b(u) be the third derivative of -1/3*u**4 + 0 - 1/60*u**5 - 2*u**2 - u**3 + 0*u. What are the prime factors of b(-5)?
3
Suppose -8 = -8*a + 4*a. Suppose -s + k - 4*k = -15, a*s - 2*k = 38. List the prime factors of s.
2, 3
Let b = -18 + 47. What are the prime factors of b?
29
Let w = -61 - -63. List the prime factors of w.
2
Suppose 42 = 3*h - 324. What are the prime factors of h?
2, 61
Let v(l) = -39*l**3 - l - 1. Let s be v(-1). Suppose -4*t + 18 - 6 = 0. Suppose t*k - k = -6, -3*k - s = -3*x. List the prime factors of x.
2, 5
Suppose -3 = z - 2*z - d, -d + 15 = 5*z. What are the prime factors of z?
3
Let d be (-16)/6*(-282)/(-4). Suppose -3*m = -2*v - 17, -4*m - 54 = 5*v - 0*v. What are the prime factors of 4/v - d/20?
3
Suppose w - 392 = -6*w. List the prime factors of w.
2, 7
Let g(f) = -f**2 + 9*f - 3. Let c be g(6). Let t = 16 + -13. Suppose 2*m = -t*m - 5, 0 = a - 2*m - c. List the prime factors of a.
13
What are the prime factors of (5/15)/(((-1)/(-1))/255)?
5, 17
Let c be 105/(-28) + (-6)/(-8). Let g = c - -20. List the prime factors of g.
17
Suppose 5 = -4*z - z. Let u = 2 - z. Suppose r - 22 = -2*t, 6*r = u*t + r - 20. List the prime factors of t.
2, 5
Let a be 3*3 - (-5)/(-5). Suppose -2*s - 4*y + 9 = 3*s, -4*y = 4*s - a. What are the prime factors of s + 6 - (-3 - -3)?
7
Let n = -10 + 16. Suppose 5*m - 17 = 4*s - s, 0 = 2*s + m - n. Let d(z) = 2*z**2 + z. List the prime factors of d(s).
3
Let t(u) = -u**3 + 6*u**2 - 6*u + 3. Let h(o) = 2*o - 12. Let k be h(8). List the prime factors of t(k).
11
Let i(v) = -6*v**3 + v - 3*v - 2*v**2 + 20 - 21. List the prime factors of i(-1).
5
Let l be (-4)/10 - 57/(-5). Suppose 2*r + 6 = -3*g + 2*g, 4*g = -r + l. List the prime factors of g.
2
Suppose -5*q - 10 = 25. Let p(n) = n**2 + 2*n - 4. What are the prime factors of p(q)?
31
Let x = 26 - -29. List the prime factors of x.
5, 11
Suppose p - 5 = -0*p, -4*p + 20 = -r. Suppose -3*n + 26 - 5 = r. Suppose -3*d = -5*t - 2*d + n, 0 = 2*d - 6. List the prime factors of t.
2
Let p(v) = -v**3 - 7*v**2 + 9*v + 7. Let q be p(-8). List the prime factors of (0 + 0)*q + 2.
2
Let n(u) = 3*u + 11. List the prime factors of n(8).
5, 7
Suppose -4*u = -43 - 37. Suppose y + 69 + 78 = -4*w, 4*y = u. Let h = -22 - w. What are the prime factors of h?
2
What are the prime factors of (1/(-4))/((-5)/1180)?
59
Let g = 31 + 5. What are the prime factors of g?
2, 3
Let w(v) = -19*v - 11. What are the prime factors of w(-3)?
2, 23
What are the prime factors of ((-2528)/24)/(4/(-6))?
2, 79
Let m = -18 - 0. Let f = m + 28. List the prime factors of f.
2, 5
List the prime factors of (205/2)/((-7)/(-14)).
5, 41
List the prime factors of 7*(0 + 1)*(-6 + 27).
3, 7
Let c be -4 - 9/((-9)/3). Let n be -2 - 1 - (-2 + c). List the prime factors of 2 + (n - (0 + -1)).
3
Let t = 56 - 0. What are the prime factors of t?
2, 7
Let d be (-12)/(-8) - 1/(-2). Suppose -d*p + 4 + 32 = 0. Suppose 4*k = -j + 2 + p, 3*k = -j + 14. What are the prime factors of k?
2, 3
Let y = 12 - -44. List the prime factors of y.
2, 7
Let c = -9 + 15. Suppose -42 = 4*d - c*d - 3*a, -3*a - 84 = -4*d. List the prime factors of d.
3, 7
Suppose m = 20 + 3. Let g = -5 + m. What are the prime factors of g?
2, 3
Let l = 0 - -1. Suppose -g - l = -14. What are the prime factors of g?
13
Let o be (-2)/8*(1 + -1). Let x(f) = f**3 + f**2 - f + 1. Let m(p) = 3*p**3 + 3*p**2 - 3*p + 2. Let k(v) = -m(v) + 4*x(v). List the prime factors of k(o).
2
Suppose -5*u = -u - 188. Let g = u + -32. List the prime factors of g.
3, 5
Suppose -i - 2*p = -1, 2*i + p - 6 = -1. List the prime factors of i.
3
Suppose 1256 = 4*g - 4*p, -5*p + 0*p = 2*g - 621. List the prime factors of g.
313
Let p be (1 + 0)*(2 - 3). Let j be (24/(-15))/(p/(-5)). Let a(u) = -u**2 - 11*u - 12. What are the prime factors of a(j)?
2, 3
Let r = -18 - -53. Suppose 5*d - r = -0*d. List the prime factors of d.
7
Suppose -o - 4*o + 25 = 0. Suppose g - d - 42 = -g, 0 = -2*g - o*d + 18. What are the prime factors of g?
19
Let q = 20 - -6. List the prime factors of q.
2, 13
List the prime factors of ((-93)/(-6))/((-5)/(-10)).
31
Let v = 65 + 73. Let z = -94 + v. List the prime factors of z.
2, 11
What are the prime factors of ((-2)/(-8))/((-3)/(-228))?
19
Let v be ((-200)/(-15))/((-1)/(-3)). Let m = v - 24. List the prime factors of m.
2
Suppose 0 = -u - u - 6. What are the prime factors of (-29)/u + (-2)/(-6)?
2, 5
What are the prime factors of ((-425)/(-15) - -4) + (-1)/3?
2
Suppose -3*k + 1 = 